e j(58).
1
Let c(x) = 1522*x - 5893. What is c(4)?
195
Let v(q) = -q**3 + 12*q**2 + 38*q - 42. Calculate v(15).
-147
Let k(t) = -73*t - 1759. Calculate k(-24).
-7
Let i(n) = n**3 + 44*n**2 - 59*n - 2802. Calculate i(-44).
-206
Let z(l) = 42*l - 82. Calculate z(-2).
-166
Let s(z) = 375*z + 4134. What is s(-11)?
9
Let a(b) = b**2 - 5*b - 2523. Determine a(-46).
-177
Let b(a) = -a**3 - 31*a**2 + 5*a - 140. What is b(-31)?
-295
Let s(u) = 7*u**2 - 24*u + 50. Calculate s(9).
401
Let h(j) = -31*j**2 + 1120*j - 148. Calculate h(36).
-4
Let p(z) = -63*z**2 + 75*z + 157. Calculate p(-2).
-245
Let o(w) = 16*w**2 - w - 3. What is o(-2)?
63
Let c(a) = 10*a**2 - 46*a + 91. What is c(-7)?
903
Let j(w) = -17*w + 497. Determine j(31).
-30
Let d(x) = 5*x**2 - 26*x + 354. Determine d(9).
525
Let h(u) = -51*u + 855. Calculate h(18).
-63
Let o(h) = 2*h**3 + 17*h**2 + 61*h + 7. Determine o(-3).
-77
Let u(j) = -17*j**2 + 1527*j - 1246. What is u(89)?
0
Let p(h) = 14*h**2 - 6*h + 10. Calculate p(2).
54
Let i(z) = -3*z**3 + 17*z**2 + 10*z - 12. Give i(6).
12
Let a(k) = k**3 + 6*k**2 + 1405*k + 6997. Determine a(-5).
-3
Let l(v) = v**2 - 12*v - 702. Give l(34).
46
Let s(q) = q**2 - 72*q + 1052. Give s(62).
432
Let z(u) = -u**3 - u**2 - 8*u + 9. What is z(-3)?
51
Let x(m) = 281*m**2 + 2529*m - 1. What is x(-9)?
-1
Let f(w) = -24*w**2 + 2*w + 6. Calculate f(4).
-370
Let w(x) = 10*x**2 + 25*x - 10. What is w(-3)?
5
Let g(t) = 3*t**3 + 13*t**2 + 34*t + 170. Calculate g(-6).
-214
Let k(s) = -17*s - 1443. Give k(-83).
-32
Let v(s) = 3255*s - 22772. Give v(7).
13
Let g(s) = 57*s - 5264. Give g(92).
-20
Let z(i) = 7*i**2 + 902*i + 132. Calculate z(-129).
261
Let n(q) = -60*q + 353. What is n(7)?
-67
Let c(j) = -14*j**2 - 13*j - 46. Calculate c(-6).
-472
Let f(i) = 2*i**3 + i**2 + 15. Determine f(-3).
-30
Let v(s) = 417*s - 942. Give v(2).
-108
Let t(y) = -16*y + 208. Give t(16).
-48
Let s(g) = 25*g + 1133. Calculate s(-46).
-17
Let v(f) = -17*f + 611. Determine v(35).
16
Let s(j) = j**3 + 93*j**2 + 93*j + 83. What is s(-92)?
-9
Let t(j) = 31*j - 462. Give t(16).
34
Let c(u) = u**2 - 68*u + 907. Give c(18).
7
Let x(o) = 17*o**2 - 67*o - 23. What is x(4)?
-19
Let r(w) = 24*w**2 - 22*w + 35. What is r(5)?
525
Let p(b) = 118*b + 28792. Give p(-244).
0
Let y(f) = f**3 - 23*f**2 - 53*f + 80. What is y(25)?
5
Let j(z) = 2*z**2 - 42*z + 208. Calculate j(12).
-8
Let f(w) = -55*w - 612. Determine f(-11).
-7
Let n(b) = b**3 - 7*b**2 - 111*b + 183. What is n(14)?
1
Let t(x) = -37*x - 12. Determine t(4).
-160
Let i(d) = -80*d**3 - d + 3. What is i(1)?
-78
Let r(i) = i**2 + 193*i + 2352. Determine r(-180).
12
Let s(w) = w**2 - 851*w + 22970. Determine s(28).
-74
Let o(h) = -71*h - 161. Determine o(-3).
52
Let f(r) = -8*r**3 - 168*r**2 + 3*r + 60. Determine f(-21).
-3
Let x(l) = 58*l - 5972. Give x(103).
2
Let p(z) = -50*z - 81. Determine p(4).
-281
Let i(y) = y**3 + 26*y**2 + 19*y - 137. Give i(-24).
559
Let m(g) = g**3 - 10*g**2 + 45*g. Give m(0).
0
Let s(q) = 666*q + 2806. Determine s(-4).
142
Let c(m) = m**3 + 4*m**2 - 3*m + 1. Calculate c(0).
1
Let k(r) = 4997*r + 39976. Calculate k(-8).
0
Let g(y) = 5*y**3 - 2*y**2 - 27*y + 62. Give g(3).
98
Let n(b) = -3*b**3 + 66*b**2 + 4*b - 96. What is n(22)?
-8
Let l(j) = -j**3 - 17*j**2 - 10*j - 481. Give l(-18).
23
Let k(t) = t**2 - 2*t - 257. Determine k(18).
31
Let z(b) = -b**3 - 53*b**2 + 51*b - 136. Determine z(-54).
26
Let f(t) = -3*t**3 - 219*t**2 - 631*t - 72. What is f(-70)?
-2
Let n(c) = -36*c**2 + 215*c - 13. Give n(6).
-19
Let j(i) = -i**3 + 63*i**2 + 69*i - 4343. Calculate j(63).
4
Let w(s) = 16*s**2 - 7*s + 6. Determine w(4).
234
Let a(l) = l**2 + 29*l - 224. Determine a(-35).
-14
Let r(c) = c**2 + 39*c + 96. Give r(-36).
-12
Let d(k) = 5*k**3 + 288*k**2 + 171*k - 8. Determine d(-57).
-8
Let u(n) = -n**3 - 19*n**2 + 16*n + 285. Determine u(-19).
-19
Let q(m) = 2*m**2 - 6*m - 1. Determine q(3).
-1
Let o(v) = 4*v**3 - 19*v**2 - 4*v - 5. Calculate o(4).
-69
Let l(m) = 5*m**2 + 128*m + 152. Give l(-24).
-40
Let l(z) = 103*z - 588. Determine l(6).
30
Let u(g) = g**3 - 25*g**2 + 113*g - 10. Determine u(19).
-29
Let q(f) = -f**2 + 712*f - 57027. Determine q(92).
13
Let r(j) = -42*j + 977. Determine r(29).
-241
Let k(o) = -o**3 - 15*o**2 - 18*o - 14. Determine k(-14).
42
Let h(f) = 15*f + 366. Determine h(-8).
246
Let v(w) = -138*w - 16980. Give v(-123).
-6
Let y(a) = 13*a + 162. Calculate y(-14).
-20
Let l(n) = n**3 + 7*n**2 - 120*n - 37. Calculate l(8).
-37
Let g(w) = -2*w**2 + 89*w + 1956. Determine g(61).
-57
Let f(u) = -10*u**2 + 1502*u + 1209. Calculate f(151).
1
Let s(y) = -y**2 - 46*y + 28028. Give s(146).
-4
Let o(l) = l**3 + 6*l**2 + 7*l + 50. Calculate o(-7).
-48
Let k(p) = 3*p**2 + 101*p + 440. What is k(-5)?
10
Let g(h) = 2*h**3 + 26*h**2 - 223*h - 35. Give g(6).
-5
Let r(y) = 5*y**3 + 82*y**2 - 241*y + 121. Calculate r(-19).
7
Let c(h) = -11*h**3 + h**2 - 9*h - 1. Calculate c(-3).
332
Let f(c) = -c**2 - 104*c + 1650. Determine f(15).
-135
Let o(z) = -z**2 + 16*z + 162. Give o(19).
105
Let o(r) = 21*r + 2510. Calculate o(-120).
-10
Let f(z) = 2*z**2 - 33*z - 126. Give f(20).
14
Let c(n) = -26*n**3 + 6*n**2 - 7*n - 3. Determine c(2).
-201
Let x(b) = 12*b**2 - 66*b - 237. What is x(8)?
3
Let h(x) = x**3 + 140*x**2 + 1761*x - 240. Determine h(-126).
138
Let a(o) = o**2 - 30*o + 204. What is a(15)?
-21
Let s(t) = -t**3 + 13*t**2 - 35*t + 53. Calculate s(10).
3
Let a(l) = -l**3 + 8*l**2 + 27*l + 242. What is a(12)?
-10
Let f(j) = 29*j - 1386. Determine f(49).
35
Let c(r) = -r**3 - 40*r**2 - 80*r - 189. What is c(-38)?
-37
Let c(v) = -v**3 + 9*v**2 - 11*v + 229. Give c(10).
19
Let k(t) = -2*t**2 + 4*t - 7. Determine k(-3).
-37
Let b(w) = -96*w - 1156. Give b(-12).
-4
Let p(n) = n**2 + 45*n - 218. Calculate p(-49).
-22
Let w(y) = y**3 + 23*y**2 + 48*y - 135. Determine w(-4).
-23
Let d(b) = -b**3 - 14*b**2 + 6*b + 98. Calculate d(-14).
14
Let f(z) = z**2 - 54*z - 108. Calculate f(-2).
4
Let q(f) = -28*f**2 - 191*f - 131. What is q(-6)?
7
Let x(u) = -131*u - 61. Give x(-3).
332
Let h(u) = 10*u + 493. Determine h(-53).
-37
Let i(b) = -2052*b + 16410. Determine i(8).
-6
Let i(k) = -2*k**2 + k + 41. What is i(-9)?
-130
Let r(j) = 238*j + 5469. What is r(-23)?
-5
Let u(i) = -2*i**3 - 126*i**2 - 1300*i - 9. What is u(-50)?
-9
Let c(z) = -7770*z + 31077. Give c(4).
-3
Let t(u) = u**3 - 12*u**2 - 29*u + 471. What is t(10)?
-19
Let b(t) = 6*t - 5. Calculate b(5).
25
Let i(z) = -z**3 + 96*z**2 + 633*z - 2143. What is i(102)?
-1
Let t(b) = -131*b + 400. Calculate t(3).
7
Let z(y) = -y**3 + 161*y**2 - 132*y - 4482. Give z(160).
-2
Let t(f) = -f**3 - 21*f**2 + 7*f - 98. What is t(-23)?
799
Let n(z) = 4*z**2 + 26*z + 4. Calculate n(-13).
342
Let d(n) = -n - 51. Calculate d(-9).
-42
Let u(k) = 3*k**3 - 65*k**2 - 93*k - 19. What is u(23)?
-42
Let r(u) = 1306*u + 2617. Determine r(-2).
5
Let b(r) = -15*r**2 + 30*r - 62. What is b(2)?
-62
Let c(a) = -180*a - 1608. What is c(-9)?
12
Let h(z) = -z**3 + 30*z**2 + 136*z - 20. Give h(34).
-20
Let z(d) = 9*d**2 + 271*d + 34. Calculate z(-30).
4
Let r(n) = 223*n - 898. What is r(4)?
-6
Let g(o) = -3*o**3 - 59*o**2 - 34*o + 70. What is g(-19)?
-6
Let d(a) = 2*a**2 + 105*a + 747. What is d(-8)?
35
Let x(h) = 2*h**2 - 62*h - 198. What is x(34)?
6
Let t(f) = 22*f**2 + 10*f - 12. Determine t(1).
20
Let f(z) = 2*z**3 - z**2 - 59*z - 14. What is f(-5)?
6
Let g(b) = 2*b**2 + 22*b - 183. What is g(-24)?
441
Let d(g) = -33*g + 1630. Calculate d(51).
-53
Let z(x) = 167*x - 1014. Give z(6).
-12
Let d(l) = 3*l**2 - 69*l - 7. What is d(23)?
-7
Let z(m) = -6*m + 187. Give z(16).
91
Let s(l) = -l**2 + 531*l - 2109. Give s(4).
-1
Let u(f) = f**3 - 2*f**2 + 18*f - 29. Determine u(2).
7
Let u(g) = -g**2 + 86*g + 3491. Give u(-31).
-136
Let r(f) = 11*f**3 - 311*f**2 + 1468*f + 4. What is r(6)?
-8
Let c(p) = 58*p - 2140. Give c(37).
6
Let r(g) = 60*g + 279. Determine r(-5).
-21
Let k(u) = u**3 - 2*u**2 + 10*u + 22. Give k(-2).
-14
Let x(t) = -t**2 + 49*t + 386. Give x(-12).
-346
Let f(s) = -3*s**2 - 45*s + 1758. Give f(-34).
-180
Let s(y) = 5*y**3 + 11*y**2 + 104*y + 206. Calculate s(-2).
2
Let k(c) = c**2 - 65*c + 422. Determine k(58).
16
Let i(q) = -q**3 - 65*q**2 - 180*q + 274. Calculate i(-62).
-98
Let n(r) = r**3 + 6*r*